ommon factor of 156 and 1040?
52
What is the highest common factor of 18 and 534?
6
Calculate the highest common divisor of 69 and 7820.
23
Calculate the highest common divisor of 184 and 4.
4
Calculate the greatest common divisor of 45 and 423.
9
Calculate the greatest common divisor of 378 and 12285.
189
What is the highest common factor of 1856 and 1972?
116
Calculate the highest common divisor of 450 and 15000.
150
Calculate the highest common factor of 5720 and 364.
52
What is the highest common divisor of 465 and 3?
3
Calculate the highest common divisor of 57 and 475.
19
Calculate the highest common factor of 792 and 144.
72
Calculate the greatest common factor of 840 and 2688.
168
What is the greatest common divisor of 55 and 100?
5
What is the highest common divisor of 25 and 8375?
25
Calculate the greatest common factor of 81 and 54.
27
Calculate the highest common factor of 37001 and 163.
163
Calculate the greatest common factor of 13 and 104.
13
What is the highest common divisor of 18 and 603?
9
What is the highest common divisor of 1118 and 344?
86
What is the highest common factor of 8 and 5?
1
What is the greatest common factor of 240 and 60?
60
Calculate the highest common factor of 18 and 47106.
18
Calculate the greatest common factor of 292 and 35186.
146
What is the greatest common factor of 150 and 40?
10
What is the highest common divisor of 45 and 1875?
15
Calculate the highest common factor of 21 and 17.
1
What is the highest common factor of 21 and 273?
21
What is the highest common divisor of 44 and 110?
22
Calculate the greatest common divisor of 207 and 3.
3
What is the greatest common factor of 36 and 1764?
36
What is the highest common factor of 42 and 6846?
42
Calculate the greatest common factor of 35 and 945.
35
Calculate the highest common factor of 12 and 5028.
12
Calculate the greatest common divisor of 69 and 165.
3
Calculate the highest common factor of 239 and 21271.
239
What is the highest common factor of 273 and 2379?
39
Calculate the highest common divisor of 10 and 1064.
2
Calculate the highest common factor of 87 and 62553.
87
What is the greatest common divisor of 20 and 560?
20
Calculate the greatest common factor of 84 and 324.
12
Calculate the highest common factor of 18 and 118.
2
Calculate the highest common divisor of 528 and 66.
66
Calculate the highest common factor of 132 and 88.
44
What is the highest common divisor of 7968 and 96?
96
Calculate the highest common factor of 1904 and 64.
16
What is the greatest common factor of 64 and 40?
8
What is the highest common divisor of 1610 and 23?
23
Calculate the greatest common factor of 225 and 25.
25
Calculate the greatest common divisor of 1023 and 297.
33
What is the highest common divisor of 4040 and 8?
8
What is the greatest common factor of 4625 and 250?
125
Calculate the highest common factor of 507 and 3.
3
What is the highest common divisor of 114 and 513?
57
Calculate the highest common factor of 17 and 14161.
17
Calculate the highest common factor of 20 and 4370.
10
What is the greatest common factor of 3 and 12?
3
What is the greatest common factor of 323 and 34?
17
Calculate the greatest common factor of 126 and 112.
14
What is the highest common divisor of 18 and 2295?
9
Calculate the highest common factor of 99 and 187.
11
Calculate the greatest common factor of 38980 and 20.
20
Calculate the highest common factor of 190 and 20.
10
Calculate the highest common divisor of 3834 and 1846.
142
What is the highest common factor of 116 and 16?
4
Calculate the greatest common factor of 106 and 2.
2
Calculate the greatest common factor of 2294 and 74.
74
What is the highest common factor of 3791 and 119?
17
What is the greatest common divisor of 11232 and 39?
39
Calculate the greatest common factor of 448 and 5348.
28
What is the greatest common divisor of 11 and 9493?
11
Calculate the highest common divisor of 33480 and 24.
24
What is the highest common divisor of 6492 and 12?
12
Calculate the highest common factor of 124 and 1612.
124
Calculate the highest common factor of 20 and 175.
5
Calculate the highest common factor of 135 and 60.
15
What is the greatest common divisor of 1150 and 800?
50
What is the greatest common divisor of 435 and 30?
15
Calculate the highest common factor of 640 and 45.
5
What is the highest common divisor of 73 and 3869?
73
What is the greatest common factor of 8 and 376?
8
What is the greatest common divisor of 8 and 1208?
8
What is the highest common factor of 175 and 675?
25
Calculate the greatest common divisor of 5096 and 104.
104
What is the highest common divisor of 5875 and 188?
47
What is the highest common factor of 19 and 4427?
19
Calculate the highest common divisor of 561 and 429.
33
Calculate the greatest common factor of 12 and 5268.
12
Calculate the highest common divisor of 255 and 49725.
255
Calculate the greatest common factor of 984 and 41.
41
Calculate the highest common divisor of 33 and 1617.
33
What is the greatest common factor of 799 and 47?
47
Calculate the highest common divisor of 34 and 493.
17
What is the greatest common factor of 760 and 285?
95
What is the greatest common factor of 36553 and 11?
11
Calculate the greatest common divisor of 1120 and 35.
35
What is the greatest common factor of 2067 and 477?
159
Calculate the greatest common divisor of 339 and 3.
3
What is the greatest common divisor of 169 and 689?
13
Calculate the greatest common divisor of 826 and 28.
14
Calculate the highest common factor of 153 and 85.
17
What is the greatest common factor of 704 and 240?
16
What is the highest common factor of 3450 and 24?
6
What is the greatest common divisor of 10356 and 12?
12
What is the greatest common divisor of 144 and 160?
16
Calculate the highest common factor of 100 and 692.
4
What is the highest common factor of 288 and 18792?
72
Calculate the greatest common factor of 64 and 4.
4
What is the highest common divisor of 264 and 33?
33
Calculate the highest common divisor of 90 and 80.
10
Calculate the greatest common factor of 2816 and 5368.
88
Calculate the greatest common divisor of 138 and 598.
46
Calculate the greatest common factor of 67 and 3.
1
What is the greatest common factor of 15 and 165?
15
Calculate the greatest common divisor of 15 and 20.
5
Calculate the highest common factor of 532 and 399.
133
Calculate the greatest common factor of 2196 and 252.
36
Calculate the highest common factor of 5 and 1125.
5
Calculate the greatest common factor of 351 and 507.
39
What is the highest common factor of 1 and 971?
1
What is the highest common divisor of 96 and 4448?
32
What is the highest common factor of 119 and 1589?
7
What is the highest common divisor of 19 and 3667?
19
What is the greatest common factor of 6 and 3720?
6
What is the highest common factor of 33 and 231?
33
What is the highest common factor of 1155 and 21?
21
Calculate the greatest common divisor of 8342 and 172.
86
Calculate the highest common divisor of 204 and 31076.
68
Calculate the greatest common factor of 5 and 2165.
5
What is the highest common factor of 15 and 105?
15
Calculate the greatest common factor of 1872 and 3393.
117
What is the highest common divisor of 171 and 228?
57
What is the greatest common divisor of 22 and 21989?
11
What is the greatest common factor of 135 and 85?
5
What is the highest common divisor of 240 and 330?
30
What is the greatest common divisor of 2200 and 176?
88
What is the greatest common factor of 187 and 77?
11
Calculate the greatest common factor of 25828 and 11.
11
Calculate the highest common factor of 224 and 32.
32
What is the highest common divisor of 1036 and 925?
37
Calculate the highest common factor of 372 and 24.
12
What is the highest common divisor of 4760 and 336?
56
Calculate the greatest common factor of 9 and 21.
3
What is the greatest common divisor of 1152 and 18?
18
What is the greatest common divisor of 138 and 575?
23
What is the greatest common factor of 72 and 96?
24
Calculate the greatest common factor of 9 and 72.
9
What is the greatest common divisor of 272 and 2312?
136
Calculate the greatest common divisor of 92 and 1679.
23
What is the greatest common divisor of 8 and 523?
1
What is the greatest common factor o